{"id":1332,"date":"2025-09-29T11:01:53","date_gmt":"2025-09-29T09:01:53","guid":{"rendered":"https:\/\/nowa-strona-projekt.totus-reklamy.pl\/?page_id=1332"},"modified":"2025-11-25T14:30:59","modified_gmt":"2025-11-25T13:30:59","slug":"kontakt","status":"publish","type":"page","link":"https:\/\/totusreklamy.pl\/index.php\/kontakt\/","title":{"rendered":"Kontakt"},"content":{"rendered":"\t\t<div data-elementor-type=\"wp-page\" data-elementor-id=\"1332\" class=\"elementor elementor-1332\">\n\t\t\t\t<div class=\"elementor-element elementor-element-d45f76a e-flex e-con-boxed wpr-particle-no wpr-jarallax-no wpr-parallax-no wpr-sticky-section-no e-con e-parent\" data-id=\"d45f76a\" data-element_type=\"container\">\n\t\t\t\t\t<div class=\"e-con-inner\">\n\t\t\t\t<div class=\"elementor-element elementor-element-e53ec05 elementor-invisible elementor-widget elementor-widget-text-editor\" data-id=\"e53ec05\" data-element_type=\"widget\" data-settings=\"{&quot;_animation&quot;:&quot;fadeInUp&quot;}\" data-widget_type=\"text-editor.default\">\n\t\t\t\t\t\t\t\t\t<div id=\"cta-1\" class=\"cta-centered-bg-section content-section content-section-spacing-medium dark-text\" data-label=\"Cta\" data-id=\"cta--1\" data-export-id=\"cta-centered-bg-section\" data-category=\"cta\" data-section-ov=\"1\" data-parallax-depth=\"20\"><div class=\"gridContainer\"><div class=\"row text-center\"><div class=\"\" data-type=\"column\"><p class=\"lead\">Dlaczego warto skontaktowa\u0107 si\u0119 z naszym studiem reklam?<\/p><p class=\"\">Nasze Studio Reklamy posiada wieloletnie do\u015bwiadczenie w projektowaniu i produkcji reklam \u015bwietlnych. Wsp\u00f3\u0142pracuj\u0105c z nami, zyskaj\u0105 Pa\u0144stwo wieloletniego partnera biznesowego, kt\u00f3ry nie tylko zagwarantuje najwy\u017csz\u0105 jako\u015b\u0107 \u015bwiadczonych us\u0142ug, ale r\u00f3wnie\u017c profesjonalne doradztwo. Pracownicy Studia Totus podpowiedz\u0105, jaki rodzaj reklamy \u015bwietlnej b\u0119dzie najbardziej odpowiada\u0142 Pa\u0144stwa potrzebom. Uwzgl\u0119dni\u0105 nie tylko lokalizacj\u0119, ale r\u00f3wnie\u017c trendy obowi\u0105zuj\u0105ce w danej bran\u017cy. Ka\u017cde zlecenie traktujemy indywidualnie, dlatego nasi Klienci tak ch\u0119tnie wracaj\u0105 po nasze produkty.<br \/>Zadzwo\u0144 i zapytaj o: bannery \u015bwietlne, tablice reklamowe, litery przestrzenne, kasetony pod\u015bwietlane i oklejanie samochod\u00f3w. \u0141\u00f3d\u017a to miasto, w kt\u00f3rym dzia\u0142amy, je\u017celi jednak pochodzisz z innego regionu Polski \u2013 skontaktuj si\u0119 z nami i zapytaj o mo\u017cliwo\u015b\u0107 wsp\u00f3\u0142pracy!<\/p><\/div><\/div><\/div><\/div>\t\t\t\t\t\t\t\t<\/div>\n\t\t\t\t\t<\/div>\n\t\t\t\t<\/div>\n\t\t<div class=\"elementor-element elementor-element-7708fc3 e-flex e-con-boxed wpr-particle-no wpr-jarallax-no wpr-parallax-no wpr-sticky-section-no elementor-invisible e-con e-parent\" data-id=\"7708fc3\" data-element_type=\"container\" data-settings=\"{&quot;background_background&quot;:&quot;classic&quot;,&quot;animation&quot;:&quot;rollIn&quot;}\">\n\t\t\t\t\t<div class=\"e-con-inner\">\n\t\t<div class=\"elementor-element elementor-element-32d6d35 e-con-full e-flex wpr-particle-no wpr-jarallax-no wpr-parallax-no wpr-sticky-section-no e-con e-child\" data-id=\"32d6d35\" data-element_type=\"container\">\n\t\t\t\t<div class=\"elementor-element elementor-element-7eca0c7 elementor-invisible elementor-widget elementor-widget-text-editor\" data-id=\"7eca0c7\" data-element_type=\"widget\" data-settings=\"{&quot;_animation&quot;:&quot;fadeInUp&quot;}\" data-widget_type=\"text-editor.default\">\n\t\t\t\t\t\t\t\t\t<div id=\"cta-1\" class=\"cta-centered-bg-section content-section content-section-spacing-medium dark-text\" data-label=\"Cta\" data-id=\"cta--1\" data-export-id=\"cta-centered-bg-section\" data-category=\"cta\" data-section-ov=\"1\" data-parallax-depth=\"20\"><div class=\"gridContainer\"><div class=\"row text-center\"><div class=\"\" data-type=\"column\"><p class=\"\"><img decoding=\"async\" class=\"alignnone wp-image-1140 size-full\" src=\"https:\/\/totusreklamy.pl\/wp-content\/uploads\/2025\/09\/totus-300-1.jpg\" alt=\"\" width=\"128\" height=\"70\" \/><\/p><\/div><\/div><\/div><\/div><h3 class=\"\">Totus Studio Reklamy<br \/>Producent Reklam<\/h3><p class=\"lead\">\ud83d\udccc 93-303 \u0141\u00f3d\u017a,<br \/>\u00a0 \u00a0 \u00a0 ul.Rzgowska 147<\/p><p>\u260e\u00a0 Tel. <a href=\"callto:+48426461212\">+48 42 646 12 12<\/a><\/p><p>\u2709\ufe0f E-mail: <a href=\"mailto:biuro@totus-reklamy.pl\">biuro@totus-reklamy.pl<\/a><br \/>\u2709\ufe0f E-mail: <a href=\"mailto:projekty@totus-reklamy.pl\">projekty@totus-reklamy.pl<\/a><\/p>\t\t\t\t\t\t\t\t<\/div>\n\t\t\t\t<\/div>\n\t\t<div class=\"elementor-element elementor-element-72ffc27 e-con-full e-flex wpr-particle-no wpr-jarallax-no wpr-parallax-no wpr-sticky-section-no e-con e-child\" data-id=\"72ffc27\" data-element_type=\"container\" data-settings=\"{&quot;background_background&quot;:&quot;classic&quot;}\">\n\t\t\t\t<div class=\"elementor-element elementor-element-c5e2099 elementor-invisible elementor-widget elementor-widget-shortcode\" data-id=\"c5e2099\" data-element_type=\"widget\" data-settings=\"{&quot;_animation&quot;:&quot;fadeInUp&quot;}\" data-widget_type=\"shortcode.default\">\n\t\t\t\t\t\t\t<div class=\"elementor-shortcode\">\n<div class=\"wpcf7 no-js\" id=\"wpcf7-f1596-o1\" lang=\"pl-PL\" dir=\"ltr\" data-wpcf7-id=\"1596\">\n<div class=\"screen-reader-response\"><p role=\"status\" aria-live=\"polite\" aria-atomic=\"true\"><\/p> <ul><\/ul><\/div>\n<form action=\"\/index.php\/wp-json\/wp\/v2\/pages\/1332#wpcf7-f1596-o1\" method=\"post\" class=\"wpcf7-form init\" aria-label=\"Formularz kontaktowy\" novalidate=\"novalidate\" data-status=\"init\">\n<fieldset class=\"hidden-fields-container\"><input type=\"hidden\" name=\"_wpcf7\" value=\"1596\" \/><input type=\"hidden\" name=\"_wpcf7_version\" value=\"6.1.2\" \/><input type=\"hidden\" name=\"_wpcf7_locale\" value=\"pl_PL\" \/><input type=\"hidden\" name=\"_wpcf7_unit_tag\" value=\"wpcf7-f1596-o1\" \/><input type=\"hidden\" name=\"_wpcf7_container_post\" value=\"0\" \/><input type=\"hidden\" name=\"_wpcf7_posted_data_hash\" value=\"\" \/>\n<\/fieldset>\n<p><label> Imi\u0119 i nazwisko<br \/>\n<span class=\"wpcf7-form-control-wrap\" data-name=\"your-name\"><input size=\"40\" maxlength=\"400\" class=\"wpcf7-form-control wpcf7-text wpcf7-validates-as-required\" autocomplete=\"name\" aria-required=\"true\" aria-invalid=\"false\" value=\"\" type=\"text\" name=\"your-name\" \/><\/span> <\/label>\n<\/p>\n<p><label> Adres e-mail<br \/>\n<span class=\"wpcf7-form-control-wrap\" data-name=\"your-email\"><input size=\"40\" maxlength=\"400\" class=\"wpcf7-form-control wpcf7-email wpcf7-validates-as-required wpcf7-text wpcf7-validates-as-email\" autocomplete=\"email\" aria-required=\"true\" aria-invalid=\"false\" value=\"\" type=\"email\" name=\"your-email\" \/><\/span> <\/label>\n<\/p>\n<p><label> Temat<br \/>\n<span class=\"wpcf7-form-control-wrap\" data-name=\"your-subject\"><input size=\"40\" maxlength=\"400\" class=\"wpcf7-form-control wpcf7-text wpcf7-validates-as-required\" aria-required=\"true\" aria-invalid=\"false\" value=\"\" type=\"text\" name=\"your-subject\" \/><\/span> <\/label>\n<\/p>\n<p><label> Twoja wiadomo\u015b\u0107<br \/>\n<span class=\"wpcf7-form-control-wrap\" data-name=\"your-message\"><textarea cols=\"40\" rows=\"10\" maxlength=\"2000\" class=\"wpcf7-form-control wpcf7-textarea\" aria-invalid=\"false\" name=\"your-message\"><\/textarea><\/span> <\/label>\n<\/p>\n<p><input class=\"wpcf7-form-control wpcf7-submit has-spinner\" type=\"submit\" value=\"Wy\u015blij\" \/>\n<\/p><div class=\"wpcf7-response-output\" aria-hidden=\"true\"><\/div>\n<\/form>\n<\/div>\n<\/div>\n\t\t\t\t\t\t<\/div>\n\t\t\t\t<\/div>\n\t\t\t\t\t<\/div>\n\t\t\t\t<\/div>\n\t\t<div class=\"elementor-element elementor-element-f2574bf e-con-full e-flex wpr-particle-no wpr-jarallax-no wpr-parallax-no wpr-sticky-section-no e-con e-parent\" data-id=\"f2574bf\" data-element_type=\"container\">\n\t\t\t\t<div class=\"elementor-element elementor-element-bcb2f5e elementor-widget elementor-widget-google_maps\" data-id=\"bcb2f5e\" data-element_type=\"widget\" data-widget_type=\"google_maps.default\">\n\t\t\t\t\t\t\t<div class=\"elementor-custom-embed\">\n\t\t\t<iframe loading=\"lazy\"\n\t\t\t\t\tsrc=\"https:\/\/maps.google.com\/maps?q=Polska%2C%20%C5%81%C3%B3d%C5%BA%2C%20ul.Rzgowska%20147&#038;t=m&#038;z=15&#038;output=embed&#038;iwloc=near\"\n\t\t\t\t\ttitle=\"Polska, \u0141\u00f3d\u017a, ul.Rzgowska 147\"\n\t\t\t\t\taria-label=\"Polska, \u0141\u00f3d\u017a, ul.Rzgowska 147\"\n\t\t\t><\/iframe>\n\t\t<\/div>\n\t\t\t\t\t\t<\/div>\n\t\t\t\t<\/div>\n\t\t\t\t<\/div>\n\t\t","protected":false},"excerpt":{"rendered":"","protected":false},"author":1,"featured_media":0,"parent":0,"menu_order":0,"comment_status":"closed","ping_status":"closed","template":"","meta":{"footnotes":""},"class_list":["post-1332","page","type-page","status-publish","hentry"],"yoast_head":"<!-- This site is optimized with the Yoast SEO plugin v27.1.1 - https:\/\/yoast.com\/product\/yoast-seo-wordpress\/ -->\n<title>Kontakt - Totus<\/title>\n<meta name=\"robots\" content=\"index, follow, max-snippet:-1, max-image-preview:large, max-video-preview:-1\" \/>\n<link rel=\"canonical\" href=\"https:\/\/totusreklamy.pl\/index.php\/kontakt\/\" \/>\n<meta property=\"og:locale\" content=\"pl_PL\" \/>\n<meta property=\"og:type\" content=\"article\" \/>\n<meta property=\"og:title\" content=\"Kontakt - Totus\" \/>\n<meta property=\"og:url\" content=\"https:\/\/totusreklamy.pl\/index.php\/kontakt\/\" \/>\n<meta property=\"og:site_name\" content=\"Totus\" \/>\n<meta property=\"article:modified_time\" content=\"2025-11-25T13:30:59+00:00\" \/>\n<meta name=\"twitter:card\" content=\"summary_large_image\" \/>\n<script type=\"application\/ld+json\" class=\"yoast-schema-graph\">{\"@context\":\"https:\/\/schema.org\",\"@graph\":[{\"@type\":\"WebPage\",\"@id\":\"https:\/\/totusreklamy.pl\/index.php\/kontakt\/\",\"url\":\"https:\/\/totusreklamy.pl\/index.php\/kontakt\/\",\"name\":\"Kontakt - Totus\",\"isPartOf\":{\"@id\":\"https:\/\/totusreklamy.pl\/#website\"},\"datePublished\":\"2025-09-29T09:01:53+00:00\",\"dateModified\":\"2025-11-25T13:30:59+00:00\",\"breadcrumb\":{\"@id\":\"https:\/\/totusreklamy.pl\/index.php\/kontakt\/#breadcrumb\"},\"inLanguage\":\"pl-PL\",\"potentialAction\":[{\"@type\":\"ReadAction\",\"target\":[\"https:\/\/totusreklamy.pl\/index.php\/kontakt\/\"]}]},{\"@type\":\"BreadcrumbList\",\"@id\":\"https:\/\/totusreklamy.pl\/index.php\/kontakt\/#breadcrumb\",\"itemListElement\":[{\"@type\":\"ListItem\",\"position\":1,\"name\":\"Strona g\u0142\u00f3wna\",\"item\":\"https:\/\/totusreklamy.pl\/\"},{\"@type\":\"ListItem\",\"position\":2,\"name\":\"Kontakt\"}]},{\"@type\":\"WebSite\",\"@id\":\"https:\/\/totusreklamy.pl\/#website\",\"url\":\"https:\/\/totusreklamy.pl\/\",\"name\":\"Totus\",\"description\":\"Us\u0142ugi reklamowe \u0141\u00f3d\u017a\",\"publisher\":{\"@id\":\"https:\/\/totusreklamy.pl\/#organization\"},\"potentialAction\":[{\"@type\":\"SearchAction\",\"target\":{\"@type\":\"EntryPoint\",\"urlTemplate\":\"https:\/\/totusreklamy.pl\/?s={search_term_string}\"},\"query-input\":{\"@type\":\"PropertyValueSpecification\",\"valueRequired\":true,\"valueName\":\"search_term_string\"}}],\"inLanguage\":\"pl-PL\"},{\"@type\":\"Organization\",\"@id\":\"https:\/\/totusreklamy.pl\/#organization\",\"name\":\"Totus\",\"url\":\"https:\/\/totusreklamy.pl\/\",\"logo\":{\"@type\":\"ImageObject\",\"inLanguage\":\"pl-PL\",\"@id\":\"https:\/\/totusreklamy.pl\/#\/schema\/logo\/image\/\",\"url\":\"https:\/\/totusreklamy.pl\/wp-content\/uploads\/2025\/09\/totus-300-1.jpg\",\"contentUrl\":\"https:\/\/totusreklamy.pl\/wp-content\/uploads\/2025\/09\/totus-300-1.jpg\",\"width\":128,\"height\":70,\"caption\":\"Totus\"},\"image\":{\"@id\":\"https:\/\/totusreklamy.pl\/#\/schema\/logo\/image\/\"}}]}<\/script>\n<!-- \/ Yoast SEO plugin. -->","yoast_head_json":{"title":"Kontakt - Totus","robots":{"index":"index","follow":"follow","max-snippet":"max-snippet:-1","max-image-preview":"max-image-preview:large","max-video-preview":"max-video-preview:-1"},"canonical":"https:\/\/totusreklamy.pl\/index.php\/kontakt\/","og_locale":"pl_PL","og_type":"article","og_title":"Kontakt - Totus","og_url":"https:\/\/totusreklamy.pl\/index.php\/kontakt\/","og_site_name":"Totus","article_modified_time":"2025-11-25T13:30:59+00:00","twitter_card":"summary_large_image","schema":{"@context":"https:\/\/schema.org","@graph":[{"@type":"WebPage","@id":"https:\/\/totusreklamy.pl\/index.php\/kontakt\/","url":"https:\/\/totusreklamy.pl\/index.php\/kontakt\/","name":"Kontakt - Totus","isPartOf":{"@id":"https:\/\/totusreklamy.pl\/#website"},"datePublished":"2025-09-29T09:01:53+00:00","dateModified":"2025-11-25T13:30:59+00:00","breadcrumb":{"@id":"https:\/\/totusreklamy.pl\/index.php\/kontakt\/#breadcrumb"},"inLanguage":"pl-PL","potentialAction":[{"@type":"ReadAction","target":["https:\/\/totusreklamy.pl\/index.php\/kontakt\/"]}]},{"@type":"BreadcrumbList","@id":"https:\/\/totusreklamy.pl\/index.php\/kontakt\/#breadcrumb","itemListElement":[{"@type":"ListItem","position":1,"name":"Strona g\u0142\u00f3wna","item":"https:\/\/totusreklamy.pl\/"},{"@type":"ListItem","position":2,"name":"Kontakt"}]},{"@type":"WebSite","@id":"https:\/\/totusreklamy.pl\/#website","url":"https:\/\/totusreklamy.pl\/","name":"Totus","description":"Us\u0142ugi reklamowe \u0141\u00f3d\u017a","publisher":{"@id":"https:\/\/totusreklamy.pl\/#organization"},"potentialAction":[{"@type":"SearchAction","target":{"@type":"EntryPoint","urlTemplate":"https:\/\/totusreklamy.pl\/?s={search_term_string}"},"query-input":{"@type":"PropertyValueSpecification","valueRequired":true,"valueName":"search_term_string"}}],"inLanguage":"pl-PL"},{"@type":"Organization","@id":"https:\/\/totusreklamy.pl\/#organization","name":"Totus","url":"https:\/\/totusreklamy.pl\/","logo":{"@type":"ImageObject","inLanguage":"pl-PL","@id":"https:\/\/totusreklamy.pl\/#\/schema\/logo\/image\/","url":"https:\/\/totusreklamy.pl\/wp-content\/uploads\/2025\/09\/totus-300-1.jpg","contentUrl":"https:\/\/totusreklamy.pl\/wp-content\/uploads\/2025\/09\/totus-300-1.jpg","width":128,"height":70,"caption":"Totus"},"image":{"@id":"https:\/\/totusreklamy.pl\/#\/schema\/logo\/image\/"}}]}},"_links":{"self":[{"href":"https:\/\/totusreklamy.pl\/index.php\/wp-json\/wp\/v2\/pages\/1332","targetHints":{"allow":["GET"]}}],"collection":[{"href":"https:\/\/totusreklamy.pl\/index.php\/wp-json\/wp\/v2\/pages"}],"about":[{"href":"https:\/\/totusreklamy.pl\/index.php\/wp-json\/wp\/v2\/types\/page"}],"author":[{"embeddable":true,"href":"https:\/\/totusreklamy.pl\/index.php\/wp-json\/wp\/v2\/users\/1"}],"replies":[{"embeddable":true,"href":"https:\/\/totusreklamy.pl\/index.php\/wp-json\/wp\/v2\/comments?post=1332"}],"version-history":[{"count":17,"href":"https:\/\/totusreklamy.pl\/index.php\/wp-json\/wp\/v2\/pages\/1332\/revisions"}],"predecessor-version":[{"id":1664,"href":"https:\/\/totusreklamy.pl\/index.php\/wp-json\/wp\/v2\/pages\/1332\/revisions\/1664"}],"wp:attachment":[{"href":"https:\/\/totusreklamy.pl\/index.php\/wp-json\/wp\/v2\/media?parent=1332"}],"curies":[{"name":"wp","href":"https:\/\/api.w.org\/{rel}","templated":true}]}}